s the remainder when d is divided by 7?
5
Let n(a) = -3*a**2 + 168*a + 86. Let l(q) = 8*q - 4. What is the remainder when n(0) is divided by l(6)?
42
Let h = 74 - 64. Calculate the remainder when 49 is divided by h.
9
Suppose 709 = 5*m - 131. Calculate the remainder when m is divided by 29.
23
Suppose -6*v + 7*v = 3*u, u + 70 = 5*v. Let h = -3 - -11. What is the remainder when v is divided by h?
7
Suppose -5*n - 25 = 0, -5*l - 5*n - 45 + 225 = 0. Calculate the remainder when 508/28 - 18 - 1994*(-2)/14 is divided by l.
39
Suppose 6*p = p + 35. Suppose -3*i + 9 = -2*t + 4*t, -15 = -5*i - 4*t. Suppose -i*a + p = -2*a. Calculate the remainder when 17 is divided by a.
3
Suppose t = -0*t + 19. Suppose -8 = 4*q, -4*v + q - 115 = -161. What is the remainder when t is divided by v?
8
Suppose -3*a + 4*n = -340 - 38, 604 = 5*a + 2*n. Calculate the remainder when a is divided by 62.
60
Let x(i) = -i**3 + 16*i**2 - 13*i + 7. What is the remainder when 330 is divided by x(15)?
34
Suppose 31*x + 4*b + 31 = 32*x, 22 = x - b. What is the remainder when 27 is divided by x?
8
Let f(i) = -34*i + 75. What is the remainder when f(-6) is divided by 35?
34
Let t = 64 - 60. Suppose -t*s + 57 + 3 = 0. Calculate the remainder when s is divided by 7.
1
Suppose -2*c + 22 = 4*j, -4*c + 9*j + 14 = 7*j. Calculate the remainder when 20 is divided by c.
0
Let g be ((-21)/6 - -2)*30. Let n = -40 - g. What is the remainder when 23 is divided by n?
3
Suppose -2*y - 10 = 8*y. Calculate the remainder when (34/6 + y)*(-36)/(-8) is divided by 6.
3
Suppose 0 = -5*o - 25, 0*v + 4*v - 5*o = 453. What is the remainder when v is divided by 36?
35
Let r = 135 - 96. Let q = r - 20. What is the remainder when 150/(-4)*(-4 + 2) is divided by q?
18
Let x(t) = 19*t - 23. Calculate the remainder when x(3) is divided by 9.
7
Suppose 9*c - 4*n - 20 = 5*c, 4 = n. Calculate the remainder when 12 is divided by c.
3
Suppose -2 = a, 38*j - 42*j - 4*a = -96. What is the remainder when 91 is divided by j?
13
Let k(u) = 19 - 9 + 15*u**2 - 11 + 2*u. Let j be k(1). Calculate the remainder when 5 is divided by (-1)/((-7 - -3)/j).
1
Let w = -2185 + 2200. What is the remainder when 10*(1 - (-9)/2) is divided by w?
10
Let o(i) = -6*i**3 + 2*i**2 + 5*i + 5. Suppose -7*p - 21 = -7. Calculate the remainder when o(p) is divided by 0 + (-38 + 2)/(-2).
15
Suppose -3*c - 4*d = -32, -3 = -d - 4. Suppose 5*u + 38 = -c. Let q = u - -21. What is the remainder when 19 is divided by q?
8
Let h be 4 + -4 + (-10)/(-1). Let m = 13 + h. Calculate the remainder when 44 is divided by m.
21
What is the remainder when (11448/(-162))/(4/(-6)) is divided by 5?
1
Let m(r) = -r**3 - 9*r**2 + 6*r - 5. What is the remainder when 104 is divided by m(-10)?
34
Let f be 20/50 + 306/10. Suppose f = 3*m - 5*b, -21 = m - 4*m + 3*b. What is the remainder when 2 is divided by m?
0
Let t = -164 + 225. What is the remainder when t is divided by 9?
7
Let f(t) = -t + 25. Let s be f(-14). Suppose 2*m = 3*m - 4. What is the remainder when 279/39 + (-6)/s is divided by m?
3
Let y be (-44)/(-7) - (-6)/(-21). Suppose 2*u + 0*u - y = 3*g, -30 = -2*u - 3*g. Let c(i) = i**2 - i - 5. What is the remainder when c(-4) is divided by u?
6
Let n(a) = 5*a**2 - 133*a - 45. Suppose 41 = 3*c - 28. Calculate the remainder when c is divided by n(27).
5
Let j(a) = 41*a + 23*a - 16*a - 2. Suppose -5*i - c + 5 = 0, 30*i - c = 29*i + 7. What is the remainder when j(i) is divided by 24?
22
What is the remainder when 144 is divided by (50/15)/2*(20 + -5)?
19
Suppose 12*b - 17*b = -2745. What is the remainder when b is divided by 46?
43
Let i = -361 + 404. Let t be (0 + 3 + -2)*29. Let q = t + -17. What is the remainder when i is divided by q?
7
What is the remainder when 163 is divided by ((-3)/9 + -1)/((-10)/345)?
25
Suppose 5*l + 0*t - 2*t - 19 = 0, 4*t = 3*l - 3. Suppose -l*j = -5*b + 80, 2*j + 2*j = -3*b + 27. Calculate the remainder when b is divided by 2/4 - (-26)/4.
6
Suppose m + 5*h + 12 = 0, m - 18 = 2*h + 3*h. Suppose 4*q + u = -0*u + 17, m*u - 27 = -4*q. What is the remainder when 43 is divided by 184/12 + (-1)/q?
13
Let v be (8 - -2)*(-12)/10. Let m = v + 27. Calculate the remainder when 25 is divided by -15*(-1 - (-6)/m).
7
Suppose -5*o = -3*n + 232, -n + 3*o - 5 = -85. Let i = -592 - -607. What is the remainder when n is divided by i?
14
Calculate the remainder when 262/6 - 5/(-19 - -4) is divided by 24 + (1 - 2/1).
21
Let k = 9 + 36. Let v = -29 + k. Suppose -3*r - 14 = -7*r - 5*q, -q + v = 3*r. Calculate the remainder when r is divided by 4.
2
Suppose 0 = -606*q + 599*q + 112. What is the remainder when 134 is divided by q?
6
Let q(k) = 4*k - 3. Suppose -3*z + 2*n - 6 = -z, 4*z - 3*n + 16 = 0. Let h = z - -18. Calculate the remainder when q(h) is divided by 22.
19
Let k = -930 + 959. What is the remainder when 31 is divided by k?
2
Let k = -197 - -115. Let f = k - -125. Calculate the remainder when f is divided by 23.
20
Let h(t) = -16*t - 1. Let i be h(-1). Suppose i + 11 = r. What is the remainder when r is divided by -5 + 8 + 4/1?
5
Suppose -2*b + 162 + 0 = 0. Let n = -15 + 5. Let z = n - -31. What is the remainder when b is divided by z?
18
Let s = 122 + 50. Calculate the remainder when s is divided by 36.
28
Suppose b = 3*b + 3*t + 9, -b + 6 = -2*t. Suppose 2*u = -b*u. Let p = 13 - u. Calculate the remainder when p is divided by 8.
5
Let l(w) = -3*w - 11. Let i be l(-5). Suppose 3*u = 3*h, 0*u - 8 = 3*u - h. What is the remainder when (-2)/u + 34/i is divided by 3?
0
Let o be 4/(-2 + 1)*8/(-8). Suppose -4*y + 8 = 2*z, 5*y = -o*z + 13 + 3. Let t = 7 + 8. What is the remainder when t is divided by z?
3
Let t(q) = q**3 - 7*q**2 + 4*q + 9. Let c be t(3). Let s = c + 35. Calculate the remainder when s is divided by 12.
8
Let m be 66/14 + 12/42. Suppose 15 = -3*l - 2*l + o, m*l + 15 = 4*o. Let u = l - -21. What is the remainder when u is divided by 7?
4
Let u be 3/(-9) - 184/(-12). Suppose 2*f - 3*o - 9 = -4*o, 2*f - o - u = 0. Calculate the remainder when 8 is divided by f.
2
Let u(f) = f**3 - 16*f**2 + 19. Let v be u(16). Let g = 32 - v. Calculate the remainder when 3/(-18) - 417/(-18) is divided by g.
10
Suppose -9*w + 275 = 32. What is the remainder when 96 is divided by w?
15
Suppose 2*t + 6 = -5*k - 2, 5*k = t + 4. Suppose k = 4*d - 0*d - 80. What is the remainder when 38 is divided by d?
18
Let x(b) = 2*b + 99. Calculate the remainder when 101 is divided by x(-43).
10
Calculate the remainder when 52 is divided by (72/30 - 4)*5/(-1).
4
Let w = 42 - 16. Let q = 328 + -319. Calculate the remainder when w is divided by q.
8
Suppose 126 = 3*b + 24. Suppose -70*a + 97*a + 648 = 0. Let o = b + a. What is the remainder when 39 is divided by o?
9
Suppose 9 = 3*k, 6*c - k + 132 = 9*c. Suppose 11*m - 1530 = 2*m. Calculate the remainder when m is divided by c.
41
Let t = -902 - -919. What is the remainder when 831 is divided by t?
15
Let c = 2101 - 1685. Calculate the remainder when c is divided by 11.
9
Suppose -2*z + 79 = 243. Calculate the remainder when -3*(-1)/(-6)*z is divided by 14.
13
Let b(d) = 8*d**2 - 3*d + 2. Let w = -45 + 46. Calculate the remainder when 20 is divided by b(w).
6
Suppose -2*m - 6 = w - 3*m, 4*w = -4*m - 8. Let j = w + 10. Let y(o) = -o**3 + 6*o**2 + 8*o + 5. What is the remainder when y(j) is divided by 18?
17
Let i(f) = -f**3 + 3*f**2 + 14*f - 29. Calculate the remainder when 244 is divided by i(3).
10
What is the remainder when 438 is divided by (1420/(-30))/(20/(-30))?
12
Suppose 5*d - 5 - 20 = 0. What is the remainder when 16 is divided by d?
1
Let s = -109841 - -109856. Let m(j) = j**2 - 7*j. Let w be m(6). What is the remainder when s is divided by (-10)/(-3) - 4/w?
3
Calculate the remainder when 243 is divided by 558/10*1400/840.
57
Suppose 3*d + 381 = 5*d - 3*h, 4*d - 759 = 3*h. Calculate the remainder when d is divided by 32.
29
Suppose 11 + 14 = 5*x. Suppose -x*q + 15 + 20 = 0. What is the remainder when 33 is divided by q?
5
Calculate the remainder when (-1)/((24/378)/(-4)) is divided by 6.
3
Suppose 613 = -3*l - 233. Calculate the remainder when l*5/(-45) - (-1)/(-3) is divided by 17.
14
Suppose 12 + 10 = 2*a. Suppose -2*m - 4*c = 1 + 13, c + a = 2*m. Calculate the remainder when 12 is divided by m.
0
Let h be ((-24)/9)/